{"id":53,"date":"2020-06-29T04:02:13","date_gmt":"2020-06-29T04:02:13","guid":{"rendered":"http:\/\/centrodata.com.br\/site\/?page_id=53"},"modified":"2024-07-10T09:58:50","modified_gmt":"2024-07-10T12:58:50","slug":"sistema-de-gestao","status":"publish","type":"page","link":"https:\/\/centrodata.com.br\/site\/sistema-de-gestao\/","title":{"rendered":"Sistema de Gest\u00e3o"},"content":{"rendered":"<p>[et_pb_section fb_built=&#8221;1&#8243; fullwidth=&#8221;on&#8221; next_background_color=&#8221;#ffffff&#8221; admin_label=&#8221;Header Section&#8221; _builder_version=&#8221;4.16&#8243; background_color=&#8221;#000000&#8243; custom_padding=&#8221;|||&#8221; bottom_divider_style=&#8221;arrow2&#8243; bottom_divider_height=&#8221;71px&#8221; global_colors_info=&#8221;{}&#8221;][et_pb_fullwidth_header text_orientation=&#8221;center&#8221; header_fullscreen=&#8221;on&#8221; header_scroll_down=&#8221;on&#8221; scroll_down_icon=&#8221;%%2%%&#8221; scroll_down_icon_color=&#8221;#ffffff&#8221; background_overlay_color=&#8221;rgba(0,0,0,0.4)&#8221; content_max_width_last_edited=&#8221;off|desktop&#8221; admin_label=&#8221;Contents&#8221; _builder_version=&#8221;4.25.1&#8243; title_font=&#8221;Montserrat|||on|||||&#8221; title_text_align=&#8221;center&#8221; title_font_size=&#8221;45px&#8221; title_letter_spacing=&#8221;0.05em&#8221; title_line_height=&#8221;1.5em&#8221; content_font=&#8221;Montserrat||||||||&#8221; content_font_size=&#8221;26px&#8221; subhead_font=&#8221;Montserrat||||||||&#8221; subhead_text_align=&#8221;center&#8221; subhead_font_size=&#8221;60px&#8221; subhead_line_height=&#8221;1.9em&#8221; background_color=&#8221;rgba(255,255,255,0)&#8221; background_image=&#8221;http:\/\/centrodata.com.br\/site\/wp-content\/uploads\/2021\/01\/centrodata1-1.jpg&#8221; parallax=&#8221;on&#8221; parallax_method=&#8221;on&#8221; custom_button_one=&#8221;on&#8221; button_one_text_size=&#8221;15px&#8221; button_one_bg_color=&#8221;#dca57d&#8221; button_one_border_width=&#8221;10px&#8221; button_one_border_color=&#8221;#dca57d&#8221; button_one_border_radius=&#8221;0px&#8221; button_one_letter_spacing=&#8221;3px&#8221; button_one_font=&#8221;Oswald|||on|&#8221; button_one_use_icon=&#8221;off&#8221; animation_style=&#8221;fade&#8221; animation_starting_opacity=&#8221;50%&#8221; animation_speed_curve=&#8221;ease-in&#8221; hover_enabled=&#8221;0&#8243; title_font_size_tablet=&#8221;60px&#8221; title_font_size_phone=&#8221;34px&#8221; title_font_size_last_edited=&#8221;on|phone&#8221; subhead_text_shadow_style=&#8221;preset2&#8243; subhead_text_shadow_blur_strength=&#8221;0.07em&#8221; button_one_border_color_hover=&#8221;#c99872&#8243; button_one_border_radius_hover=&#8221;0px&#8221; button_one_letter_spacing_hover=&#8221;3px&#8221; button_one_bg_color_hover=&#8221;#c99872&#8243; global_colors_info=&#8221;{}&#8221; button_one_text_size__hover_enabled=&#8221;off&#8221; button_two_text_size__hover_enabled=&#8221;off&#8221; button_one_text_color__hover_enabled=&#8221;off&#8221; button_two_text_color__hover_enabled=&#8221;off&#8221; button_one_border_width__hover_enabled=&#8221;off&#8221; button_two_border_width__hover_enabled=&#8221;off&#8221; button_one_border_color__hover_enabled=&#8221;on&#8221; button_one_border_color__hover=&#8221;#c99872&#8243; button_two_border_color__hover_enabled=&#8221;off&#8221; button_one_border_radius__hover_enabled=&#8221;on&#8221; button_one_border_radius__hover=&#8221;0px&#8221; button_two_border_radius__hover_enabled=&#8221;off&#8221; button_one_letter_spacing__hover_enabled=&#8221;on&#8221; button_one_letter_spacing__hover=&#8221;3px&#8221; button_two_letter_spacing__hover_enabled=&#8221;off&#8221; button_one_bg_color__hover_enabled=&#8221;on&#8221; button_one_bg_color__hover=&#8221;#c99872&#8243; button_two_bg_color__hover_enabled=&#8221;off&#8221; title=&#8221;Sistema de Gest\u00e3o Empresarial&#8221; title_text_shadow_style=&#8221;preset1&#8243; title_text_shadow_horizontal_length=&#8221;0.1em&#8221; sticky_enabled=&#8221;0&#8243; title_font_last_edited=&#8221;on|phone&#8221; title_font_tablet=&#8221;Montserrat|||on|||||&#8221; title_font_phone=&#8221;Montserrat|||on|||||&#8221;][\/et_pb_fullwidth_header][\/et_pb_section][et_pb_section fb_built=&#8221;1&#8243; admin_label=&#8221;Coffee Menu&#8221; _builder_version=&#8221;4.16&#8243; use_background_color_gradient=&#8221;on&#8221; background_color_gradient_type=&#8221;circular&#8221; background_color_gradient_stops=&#8221;rgba(224,153,0,0.1) 0%|#ffffff 40%&#8221; background_color_gradient_start=&#8221;rgba(224,153,0,0.1)&#8221; background_color_gradient_end=&#8221;#ffffff&#8221; background_color_gradient_end_position=&#8221;40%&#8221; background_enable_image=&#8221;off&#8221; custom_padding=&#8221;33px||25px|||&#8221; global_colors_info=&#8221;{}&#8221;][et_pb_row admin_label=&#8221;Section Header&#8221; _builder_version=&#8221;4.16&#8243; module_alignment=&#8221;center&#8221; custom_padding=&#8221;40px|0px|40px|0px&#8221; global_colors_info=&#8221;{}&#8221;][et_pb_column type=&#8221;4_4&#8243; _builder_version=&#8221;4.16&#8243; custom_padding=&#8221;|||&#8221; global_colors_info=&#8221;{}&#8221; custom_padding__hover=&#8221;|||&#8221;][et_pb_text _builder_version=&#8221;4.25.1&#8243; _module_preset=&#8221;default&#8221; hover_enabled=&#8221;0&#8243; global_colors_info=&#8221;{}&#8221; text_font_last_edited=&#8221;on|phone&#8221; sticky_enabled=&#8221;0&#8243; text_orientation=&#8221;center&#8221;]<\/p>\n<p>Existem diversas vantagens ao investir em sistema ERP de qualidade. Conhe\u00e7a algumas:<\/p>\n<p><strong>REDU\u00c7\u00c3O DE ERROS E FRAUDES<\/strong>\u00a0\u2013 O sistema ERP permite uma an\u00e1lise completa de todos os processos da empresa. Desse modo, decis\u00f5es acerca de compras de material e manuten\u00e7\u00e3o dos estoques, por exemplo, podem sem tomadas com base nos dados da empresa, evitando compras mal planejadas e desperd\u00edcio de dinheiro.<\/p>\n<p><strong>GEST\u00c3O COMPLETA E PADRONIZADA<\/strong>\u00a0\u2013 Atrav\u00e9s desse software, os gestores das empresas conseguem integrar os dados de todos os departamentos, permitindo que seja feita uma an\u00e1lise ampla e consolidada dos resultados obtidos.<br \/><strong><br \/>MODERNIZA OS PROCESSOS<\/strong>\u00a0\u2013 Com o sistema ERP, os processos empresariais s\u00e3o automatizados, dando fim aos arcaicos e lentos processos manuais e ao uso papeis e documentos por escrito.<\/p>\n<p><strong>POSSIBILITA UM CONTROLE MAIOR SOBRE O CICLO DE PRODU\u00c7\u00c3O<\/strong>\u00a0\u2013 As ferramentas presentes no sistema auxiliam no planejamento da empresa e de seu ciclo produtivo. Atrav\u00e9s de uma administra\u00e7\u00e3o minuciosa de cada etapa do processo de produ\u00e7\u00e3o ou de um servi\u00e7o, as empresas podem conseguir resultados mais satisfat\u00f3rios e melhorar a qualidade do produto que oferecem.<\/p>\n<p><img data-recalc-dims=\"1\" loading=\"lazy\" decoding=\"async\" src=\"https:\/\/i0.wp.com\/centrodata.com.br\/site\/wp-content\/uploads\/2020\/06\/CENTRODATA-Orion-Business-icone_escrita.png?resize=600%2C109\" sizes=\"(max-width: 600px) 100vw, 600px\" srcset=\"http:\/\/centrodata.com.br\/site\/wp-content\/uploads\/2020\/06\/CENTRODATA-Orion-Business-icone_escrita.png 600w, http:\/\/centrodata.com.br\/site\/wp-content\/uploads\/2020\/06\/CENTRODATA-Orion-Business-icone_escrita-300x55.png 300w\" alt=\"\" width=\"600\" height=\"109\" style=\"display: block; margin-left: auto; margin-right: auto;\" \/><\/p>\n<table width=\"607\" cellspacing=\"0\" cellpadding=\"0\" border=\"0\">\n<tbody>\n<tr>\n<td colspan=\"2\" width=\"630\">\n<ul>\n<li>M\u00d3DULOS<\/li>\n<\/ul>\n<\/td>\n<td width=\"150\">\n<ul>\n<li>IDEAL PARA<\/li>\n<\/ul>\n<\/td>\n<\/tr>\n<tr>\n<td width=\"315\">\n<ul>\n<li>Estoque<\/li>\n<li>Faturamento<\/li>\n<li>Financeiro<\/li>\n<li>Contabilidade Gerencial<\/li>\n<li>Service \u2013 Grenciamento de Servi\u00e7os<\/li>\n<\/ul>\n<\/td>\n<td width=\"315\">\n<ul>\n<li>PCP \u2013 Planejamento e Controle de Produ\u00e7\u00e3o<\/li>\n<li>Credi\u00e1rio<\/li>\n<li>Devolu\u00e7\u00e3o<\/li>\n<li>Caixa<\/li>\n<\/ul>\n<\/td>\n<td width=\"150\">\n<ul>\n<li>Ind\u00fastrias<\/li>\n<li>Distribuidoras<\/li>\n<li>Com\u00e9rcios<\/li>\n<li>Prestadoras de Servi\u00e7os<\/li>\n<li>Supermercados<\/li>\n<\/ul>\n<\/td>\n<\/tr>\n<\/tbody>\n<\/table>\n<p><img data-recalc-dims=\"1\" loading=\"lazy\" decoding=\"async\" src=\"https:\/\/i0.wp.com\/centrodata.com.br\/site\/wp-content\/uploads\/2020\/06\/CENTRODATA-Solid-Build-icone_escrita.png?resize=600%2C109\" sizes=\"(max-width: 600px) 100vw, 600px\" srcset=\"http:\/\/centrodata.com.br\/site\/wp-content\/uploads\/2020\/06\/CENTRODATA-Solid-Build-icone_escrita.png 600w, http:\/\/centrodata.com.br\/site\/wp-content\/uploads\/2020\/06\/CENTRODATA-Solid-Build-icone_escrita-300x55.png 300w\" alt=\"\" width=\"600\" height=\"109\" style=\"display: block; margin-left: auto; margin-right: auto;\" \/><\/p>\n<table width=\"615\" cellspacing=\"0\" cellpadding=\"0\" border=\"0\">\n<tbody>\n<tr>\n<td colspan=\"2\" width=\"630\">\n<ul>\n<li>M\u00d3DULOS<\/li>\n<\/ul>\n<\/td>\n<td width=\"150\">\n<ul>\n<li>IDEAL PARA<\/li>\n<\/ul>\n<\/td>\n<\/tr>\n<tr>\n<td width=\"315\">\n<ul>\n<li>Estoque<\/li>\n<li>Faturamento<\/li>\n<li>Financeiro<\/li>\n<li>Contabilidade Gerencial<\/li>\n<\/ul>\n<\/td>\n<td width=\"315\">\n<ul>\n<li>Log\u00edstica \u2013 Controle de caixa<\/li>\n<li>Credi\u00e1rio<\/li>\n<li>Devolu\u00e7\u00e3o<\/li>\n<li>Vendas (Programa\u00e7\u00e3o de Entregas)<\/li>\n<\/ul>\n<\/td>\n<td width=\"150\">\n<ul>\n<li>Materiais de Constru\u00e7\u00e3o<\/li>\n<li>Lojas de Tinta<\/li>\n<\/ul>\n<\/td>\n<\/tr>\n<\/tbody>\n<\/table>\n<p><img data-recalc-dims=\"1\" loading=\"lazy\" decoding=\"async\" src=\"https:\/\/i0.wp.com\/centrodata.com.br\/site\/wp-content\/uploads\/2020\/06\/CENTRODATA-Inter-Carg-icone_escrita.png?resize=600%2C109\" sizes=\"(max-width: 600px) 100vw, 600px\" srcset=\"http:\/\/centrodata.com.br\/site\/wp-content\/uploads\/2020\/06\/CENTRODATA-Inter-Carg-icone_escrita.png 600w, http:\/\/centrodata.com.br\/site\/wp-content\/uploads\/2020\/06\/CENTRODATA-Inter-Carg-icone_escrita-300x55.png 300w\" alt=\"\" width=\"600\" height=\"109\" style=\"display: block; margin-left: auto; margin-right: auto;\" \/><\/p>\n<table width=\"579\" cellspacing=\"0\" cellpadding=\"0\" border=\"0\">\n<tbody>\n<tr>\n<td colspan=\"2\" width=\"630\">\n<ul>\n<li>M\u00d3DULOS<\/li>\n<\/ul>\n<\/td>\n<td width=\"150\">\n<ul>\n<li>IDEAL PARA<\/li>\n<\/ul>\n<\/td>\n<\/tr>\n<tr>\n<td width=\"315\">\n<ul>\n<li>Conhecimento de Transporte<\/li>\n<li>Financeiro<\/li>\n<li>Tabela de Fretes<\/li>\n<\/ul>\n<\/td>\n<td width=\"315\">\n<ul>\n<li>Controle de Frota<\/li>\n<li>Sistema Multiempresa<\/li>\n<\/ul>\n<\/td>\n<td width=\"150\">\n<ul>\n<li>Transporte Rodovi\u00e1rio de Carga<\/li>\n<\/ul>\n<\/td>\n<\/tr>\n<\/tbody>\n<\/table>\n<p><img data-recalc-dims=\"1\" loading=\"lazy\" decoding=\"async\" src=\"https:\/\/i0.wp.com\/centrodata.com.br\/site\/wp-content\/uploads\/2020\/06\/sistemas-de-softares-fiscais.jpg?resize=780%2C101\" sizes=\"(max-width: 780px) 100vw, 780px\" srcset=\"http:\/\/centrodata.com.br\/site\/wp-content\/uploads\/2020\/06\/sistemas-de-softares-fiscais.jpg 780w, http:\/\/centrodata.com.br\/site\/wp-content\/uploads\/2020\/06\/sistemas-de-softares-fiscais-300x39.jpg 300w, http:\/\/centrodata.com.br\/site\/wp-content\/uploads\/2020\/06\/sistemas-de-softares-fiscais-768x99.jpg 768w\" alt=\"\" width=\"780\" height=\"101\" style=\"display: block; margin-left: auto; margin-right: auto;\" \/><\/p>\n<p>[\/et_pb_text][\/et_pb_column][\/et_pb_row][\/et_pb_section][et_pb_section fb_built=&#8221;1&#8243; admin_label=&#8221;Coffee Menu&#8221; _builder_version=&#8221;4.25.1&#8243; background_color=&#8221;#E09900&#8243; background_enable_image=&#8221;off&#8221; custom_padding=&#8221;87px||25px|||&#8221; global_colors_info=&#8221;{}&#8221;][et_pb_row _builder_version=&#8221;4.16&#8243; _module_preset=&#8221;default&#8221; custom_margin=&#8221;|auto|54px|auto||&#8221; global_colors_info=&#8221;{}&#8221;][et_pb_column type=&#8221;4_4&#8243; _builder_version=&#8221;4.16&#8243; _module_preset=&#8221;default&#8221; global_colors_info=&#8221;{}&#8221;][et_pb_button button_url=&#8221;http:\/\/centrodata.com.br\/site\/#contato&#8221; button_text=&#8221;ENTRE EM CONTATO&#8221; button_alignment=&#8221;center&#8221; _builder_version=&#8221;4.16&#8243; _module_preset=&#8221;default&#8221; custom_button=&#8221;on&#8221; button_text_color=&#8221;#5C5C5C&#8221; global_colors_info=&#8221;{}&#8221;][\/et_pb_button][\/et_pb_column][\/et_pb_row][\/et_pb_section]<\/p>\n","protected":false},"excerpt":{"rendered":"<p>Existem diversas vantagens ao investir em sistema ERP de qualidade. Conhe\u00e7a algumas: REDU\u00c7\u00c3O DE ERROS E FRAUDES\u00a0\u2013 O sistema ERP permite uma an\u00e1lise completa de todos os processos da empresa. Desse modo, decis\u00f5es acerca de compras de material e manuten\u00e7\u00e3o dos estoques, por exemplo, podem sem tomadas com base nos dados da empresa, evitando compras [&hellip;]<\/p>\n","protected":false},"author":1,"featured_media":0,"parent":0,"menu_order":0,"comment_status":"closed","ping_status":"closed","template":"","meta":{"_et_pb_use_builder":"on","_et_pb_old_content":"","_et_gb_content_width":"","footnotes":""},"yoast_head":"<!-- This site is optimized with the Yoast SEO plugin v24.5 - https:\/\/yoast.com\/wordpress\/plugins\/seo\/ -->\n<title>Sistema de Gest\u00e3o - Centrodata Sistemas<\/title>\n<meta name=\"description\" content=\"Tenha um sistema de gest\u00e3o confi\u00e1vel e r\u00e1pido. Sistema de gest\u00e3o da sua empresa de forma eficiente e produtiva.\" \/>\n<meta name=\"robots\" content=\"index, follow, max-snippet:-1, max-image-preview:large, max-video-preview:-1\" \/>\n<link rel=\"canonical\" href=\"https:\/\/centrodata.com.br\/site\/sistema-de-gestao\/\" \/>\n<meta property=\"og:locale\" content=\"pt_BR\" \/>\n<meta property=\"og:type\" content=\"article\" \/>\n<meta property=\"og:title\" content=\"Sistema de Gest\u00e3o - Centrodata Sistemas\" \/>\n<meta property=\"og:description\" content=\"Tenha um sistema de gest\u00e3o confi\u00e1vel e r\u00e1pido. Sistema de gest\u00e3o da sua empresa de forma eficiente e produtiva.\" \/>\n<meta property=\"og:url\" content=\"https:\/\/centrodata.com.br\/site\/sistema-de-gestao\/\" \/>\n<meta property=\"og:site_name\" content=\"Centrodata Sistemas\" \/>\n<meta property=\"article:publisher\" content=\"https:\/\/www.instagram.com\/centrodatasistemas\/\" \/>\n<meta property=\"article:modified_time\" content=\"2024-07-10T12:58:50+00:00\" \/>\n<meta property=\"og:image\" content=\"http:\/\/centrodata.com.br\/site\/wp-content\/uploads\/2020\/06\/CENTRODATA-Orion-Business-icone_escrita.png\" \/>\n<meta name=\"twitter:card\" content=\"summary_large_image\" \/>\n<meta name=\"twitter:label1\" content=\"Est. tempo de leitura\" \/>\n\t<meta name=\"twitter:data1\" content=\"3 minutos\" \/>\n<script type=\"application\/ld+json\" class=\"yoast-schema-graph\">{\"@context\":\"https:\/\/schema.org\",\"@graph\":[{\"@type\":\"WebPage\",\"@id\":\"https:\/\/centrodata.com.br\/site\/sistema-de-gestao\/\",\"url\":\"https:\/\/centrodata.com.br\/site\/sistema-de-gestao\/\",\"name\":\"Sistema de Gest\u00e3o - Centrodata Sistemas\",\"isPartOf\":{\"@id\":\"https:\/\/centrodata.com.br\/site\/#website\"},\"primaryImageOfPage\":{\"@id\":\"https:\/\/centrodata.com.br\/site\/sistema-de-gestao\/#primaryimage\"},\"image\":{\"@id\":\"https:\/\/centrodata.com.br\/site\/sistema-de-gestao\/#primaryimage\"},\"thumbnailUrl\":\"http:\/\/centrodata.com.br\/site\/wp-content\/uploads\/2020\/06\/CENTRODATA-Orion-Business-icone_escrita.png\",\"datePublished\":\"2020-06-29T04:02:13+00:00\",\"dateModified\":\"2024-07-10T12:58:50+00:00\",\"description\":\"Tenha um sistema de gest\u00e3o confi\u00e1vel e r\u00e1pido. Sistema de gest\u00e3o da sua empresa de forma eficiente e produtiva.\",\"breadcrumb\":{\"@id\":\"https:\/\/centrodata.com.br\/site\/sistema-de-gestao\/#breadcrumb\"},\"inLanguage\":\"pt-BR\",\"potentialAction\":[{\"@type\":\"ReadAction\",\"target\":[\"https:\/\/centrodata.com.br\/site\/sistema-de-gestao\/\"]}]},{\"@type\":\"ImageObject\",\"inLanguage\":\"pt-BR\",\"@id\":\"https:\/\/centrodata.com.br\/site\/sistema-de-gestao\/#primaryimage\",\"url\":\"https:\/\/i0.wp.com\/centrodata.com.br\/site\/wp-content\/uploads\/2020\/06\/CENTRODATA-Orion-Business-icone_escrita.png?fit=600%2C109&ssl=1\",\"contentUrl\":\"https:\/\/i0.wp.com\/centrodata.com.br\/site\/wp-content\/uploads\/2020\/06\/CENTRODATA-Orion-Business-icone_escrita.png?fit=600%2C109&ssl=1\",\"width\":600,\"height\":109},{\"@type\":\"BreadcrumbList\",\"@id\":\"https:\/\/centrodata.com.br\/site\/sistema-de-gestao\/#breadcrumb\",\"itemListElement\":[{\"@type\":\"ListItem\",\"position\":1,\"name\":\"In\u00edcio\",\"item\":\"https:\/\/centrodata.com.br\/site\/\"},{\"@type\":\"ListItem\",\"position\":2,\"name\":\"Sistema de Gest\u00e3o\"}]},{\"@type\":\"WebSite\",\"@id\":\"https:\/\/centrodata.com.br\/site\/#website\",\"url\":\"https:\/\/centrodata.com.br\/site\/\",\"name\":\"Centrodata Sistemas\",\"description\":\"Oferecemos para a sua empresa um amplo sistema de gest\u00e3o empresarial, modular, que se adequa a necessidade do seu neg\u00f3cio.\",\"publisher\":{\"@id\":\"https:\/\/centrodata.com.br\/site\/#organization\"},\"potentialAction\":[{\"@type\":\"SearchAction\",\"target\":{\"@type\":\"EntryPoint\",\"urlTemplate\":\"https:\/\/centrodata.com.br\/site\/?s={search_term_string}\"},\"query-input\":{\"@type\":\"PropertyValueSpecification\",\"valueRequired\":true,\"valueName\":\"search_term_string\"}}],\"inLanguage\":\"pt-BR\"},{\"@type\":\"Organization\",\"@id\":\"https:\/\/centrodata.com.br\/site\/#organization\",\"name\":\"Centrodata Sistemas\",\"url\":\"https:\/\/centrodata.com.br\/site\/\",\"logo\":{\"@type\":\"ImageObject\",\"inLanguage\":\"pt-BR\",\"@id\":\"https:\/\/centrodata.com.br\/site\/#\/schema\/logo\/image\/\",\"url\":\"https:\/\/i0.wp.com\/centrodata.com.br\/site\/wp-content\/uploads\/2021\/01\/centrodata-sistemas1-Copia.png?fit=413%2C393&ssl=1\",\"contentUrl\":\"https:\/\/i0.wp.com\/centrodata.com.br\/site\/wp-content\/uploads\/2021\/01\/centrodata-sistemas1-Copia.png?fit=413%2C393&ssl=1\",\"width\":413,\"height\":393,\"caption\":\"Centrodata Sistemas\"},\"image\":{\"@id\":\"https:\/\/centrodata.com.br\/site\/#\/schema\/logo\/image\/\"},\"sameAs\":[\"https:\/\/www.instagram.com\/centrodatasistemas\/\"]}]}<\/script>\n<!-- \/ Yoast SEO plugin. -->","yoast_head_json":{"title":"Sistema de Gest\u00e3o - Centrodata Sistemas","description":"Tenha um sistema de gest\u00e3o confi\u00e1vel e r\u00e1pido. Sistema de gest\u00e3o da sua empresa de forma eficiente e produtiva.","robots":{"index":"index","follow":"follow","max-snippet":"max-snippet:-1","max-image-preview":"max-image-preview:large","max-video-preview":"max-video-preview:-1"},"canonical":"https:\/\/centrodata.com.br\/site\/sistema-de-gestao\/","og_locale":"pt_BR","og_type":"article","og_title":"Sistema de Gest\u00e3o - Centrodata Sistemas","og_description":"Tenha um sistema de gest\u00e3o confi\u00e1vel e r\u00e1pido. Sistema de gest\u00e3o da sua empresa de forma eficiente e produtiva.","og_url":"https:\/\/centrodata.com.br\/site\/sistema-de-gestao\/","og_site_name":"Centrodata Sistemas","article_publisher":"https:\/\/www.instagram.com\/centrodatasistemas\/","article_modified_time":"2024-07-10T12:58:50+00:00","og_image":[{"url":"http:\/\/centrodata.com.br\/site\/wp-content\/uploads\/2020\/06\/CENTRODATA-Orion-Business-icone_escrita.png","type":"","width":"","height":""}],"twitter_card":"summary_large_image","twitter_misc":{"Est. tempo de leitura":"3 minutos"},"schema":{"@context":"https:\/\/schema.org","@graph":[{"@type":"WebPage","@id":"https:\/\/centrodata.com.br\/site\/sistema-de-gestao\/","url":"https:\/\/centrodata.com.br\/site\/sistema-de-gestao\/","name":"Sistema de Gest\u00e3o - Centrodata Sistemas","isPartOf":{"@id":"https:\/\/centrodata.com.br\/site\/#website"},"primaryImageOfPage":{"@id":"https:\/\/centrodata.com.br\/site\/sistema-de-gestao\/#primaryimage"},"image":{"@id":"https:\/\/centrodata.com.br\/site\/sistema-de-gestao\/#primaryimage"},"thumbnailUrl":"http:\/\/centrodata.com.br\/site\/wp-content\/uploads\/2020\/06\/CENTRODATA-Orion-Business-icone_escrita.png","datePublished":"2020-06-29T04:02:13+00:00","dateModified":"2024-07-10T12:58:50+00:00","description":"Tenha um sistema de gest\u00e3o confi\u00e1vel e r\u00e1pido. Sistema de gest\u00e3o da sua empresa de forma eficiente e produtiva.","breadcrumb":{"@id":"https:\/\/centrodata.com.br\/site\/sistema-de-gestao\/#breadcrumb"},"inLanguage":"pt-BR","potentialAction":[{"@type":"ReadAction","target":["https:\/\/centrodata.com.br\/site\/sistema-de-gestao\/"]}]},{"@type":"ImageObject","inLanguage":"pt-BR","@id":"https:\/\/centrodata.com.br\/site\/sistema-de-gestao\/#primaryimage","url":"https:\/\/i0.wp.com\/centrodata.com.br\/site\/wp-content\/uploads\/2020\/06\/CENTRODATA-Orion-Business-icone_escrita.png?fit=600%2C109&ssl=1","contentUrl":"https:\/\/i0.wp.com\/centrodata.com.br\/site\/wp-content\/uploads\/2020\/06\/CENTRODATA-Orion-Business-icone_escrita.png?fit=600%2C109&ssl=1","width":600,"height":109},{"@type":"BreadcrumbList","@id":"https:\/\/centrodata.com.br\/site\/sistema-de-gestao\/#breadcrumb","itemListElement":[{"@type":"ListItem","position":1,"name":"In\u00edcio","item":"https:\/\/centrodata.com.br\/site\/"},{"@type":"ListItem","position":2,"name":"Sistema de Gest\u00e3o"}]},{"@type":"WebSite","@id":"https:\/\/centrodata.com.br\/site\/#website","url":"https:\/\/centrodata.com.br\/site\/","name":"Centrodata Sistemas","description":"Oferecemos para a sua empresa um amplo sistema de gest\u00e3o empresarial, modular, que se adequa a necessidade do seu neg\u00f3cio.","publisher":{"@id":"https:\/\/centrodata.com.br\/site\/#organization"},"potentialAction":[{"@type":"SearchAction","target":{"@type":"EntryPoint","urlTemplate":"https:\/\/centrodata.com.br\/site\/?s={search_term_string}"},"query-input":{"@type":"PropertyValueSpecification","valueRequired":true,"valueName":"search_term_string"}}],"inLanguage":"pt-BR"},{"@type":"Organization","@id":"https:\/\/centrodata.com.br\/site\/#organization","name":"Centrodata Sistemas","url":"https:\/\/centrodata.com.br\/site\/","logo":{"@type":"ImageObject","inLanguage":"pt-BR","@id":"https:\/\/centrodata.com.br\/site\/#\/schema\/logo\/image\/","url":"https:\/\/i0.wp.com\/centrodata.com.br\/site\/wp-content\/uploads\/2021\/01\/centrodata-sistemas1-Copia.png?fit=413%2C393&ssl=1","contentUrl":"https:\/\/i0.wp.com\/centrodata.com.br\/site\/wp-content\/uploads\/2021\/01\/centrodata-sistemas1-Copia.png?fit=413%2C393&ssl=1","width":413,"height":393,"caption":"Centrodata Sistemas"},"image":{"@id":"https:\/\/centrodata.com.br\/site\/#\/schema\/logo\/image\/"},"sameAs":["https:\/\/www.instagram.com\/centrodatasistemas\/"]}]}},"jetpack_sharing_enabled":true,"_links":{"self":[{"href":"https:\/\/centrodata.com.br\/site\/wp-json\/wp\/v2\/pages\/53"}],"collection":[{"href":"https:\/\/centrodata.com.br\/site\/wp-json\/wp\/v2\/pages"}],"about":[{"href":"https:\/\/centrodata.com.br\/site\/wp-json\/wp\/v2\/types\/page"}],"author":[{"embeddable":true,"href":"https:\/\/centrodata.com.br\/site\/wp-json\/wp\/v2\/users\/1"}],"replies":[{"embeddable":true,"href":"https:\/\/centrodata.com.br\/site\/wp-json\/wp\/v2\/comments?post=53"}],"version-history":[{"count":25,"href":"https:\/\/centrodata.com.br\/site\/wp-json\/wp\/v2\/pages\/53\/revisions"}],"predecessor-version":[{"id":813,"href":"https:\/\/centrodata.com.br\/site\/wp-json\/wp\/v2\/pages\/53\/revisions\/813"}],"wp:attachment":[{"href":"https:\/\/centrodata.com.br\/site\/wp-json\/wp\/v2\/media?parent=53"}],"curies":[{"name":"wp","href":"https:\/\/api.w.org\/{rel}","templated":true}]}}